se 9, what is -1363 - -1?
-1362
In base 12, what is -b - 81?
-90
In base 4, what is -10 + 222011?
222001
In base 15, what is 0 - 1247?
-1247
In base 16, what is -1cc - 0?
-1cc
In base 14, what is 8b2 - 1?
8b1
In base 15, what is -4e - -4?
-4a
In base 9, what is 4 - -18?
23
In base 6, what is -5 + -102?
-111
In base 11, what is 447 - 11?
436
In base 3, what is -2211211 + -22?
-2212010
In base 4, what is -2 + 22230?
22222
In base 9, what is 27 + 1?
28
In base 6, what is -2 - 2343?
-2345
In base 12, what is -3 - -24?
21
In base 11, what is -26 - 23?
-49
In base 10, what is -7 + -55?
-62
In base 10, what is 979 + -1?
978
In base 10, what is 3 + 33?
36
In base 10, what is -7 + 21?
14
In base 8, what is 23 - -625?
650
In base 15, what is -7e + -31?
-b0
In base 16, what is -1c - -6?
-16
In base 14, what is 8 - 104?
-da
In base 10, what is -92 - 2?
-94
In base 13, what is 5 + 48?
50
In base 13, what is -b - 4?
-12
In base 4, what is -211 + -11?
-222
In base 5, what is -4423 + 1?
-4422
In base 12, what is 48 + 522?
56a
In base 7, what is -2001 + 3?
-1665
In base 13, what is 831 - -3?
834
In base 16, what is 3abd + -4?
3ab9
In base 9, what is 5 - 43?
-37
In base 16, what is 11 + b?
1c
In base 8, what is -36 - 2?
-40
In base 10, what is 21 - 19?
2
In base 7, what is 5664 - 4?
5660
In base 12, what is 6 + 9?
13
In base 5, what is 14 + 23?
42
In base 10, what is -21 + 3?
-18
In base 12, what is -13a + 58?
-a2
In base 7, what is 10631 + 0?
10631
In base 4, what is -3001 + -102?
-3103
In base 16, what is -5 + 1d?
18
In base 7, what is 3 + 0?
3
In base 14, what is -b - -1c?
11
In base 14, what is a - 2b?
-21
In base 10, what is 240 + 15?
255
In base 5, what is -12 - -24?
12
In base 4, what is 213 + 132?
1011
In base 8, what is -2 + -116?
-120
In base 8, what is -3755 - -4?
-3751
In base 2, what is -10 + -1000101?
-1000111
In base 12, what is 1 - 200?
-1bb
In base 6, what is -22 + 20?
-2
In base 13, what is 395 + -3?
392
In base 4, what is 233301 + 1?
233302
In base 6, what is -2 - 245?
-251
In base 2, what is 111000 - 0?
111000
In base 6, what is 1015 - 2?
1013
In base 5, what is 341 - 10?
331
In base 13, what is -2c + -4?
-33
In base 5, what is 102332 - 10?
102322
In base 8, what is 53 + 25?
100
In base 2, what is -10100101 + 0?
-10100101
In base 8, what is -15 + -66?
-103
In base 12, what is 4 - 15?
-11
In base 12, what is -2 + 22b1?
22ab
In base 13, what is c - 24?
-15
In base 15, what is 230d + 0?
230d
In base 4, what is -10 - -312310?
312300
In base 2, what is -11101011110 - 10?
-11101100000
In base 16, what is -6e + 3?
-6b
In base 9, what is 0 + 302?
302
In base 7, what is -46 + 12?
-34
In base 7, what is -3 + -30?
-33
In base 16, what is -8 + -f?
-17
In base 6, what is -5 - -1105?
1100
In base 15, what is b - -9c?
a8
In base 8, what is 415 - -21?
436
In base 9, what is 7 - 125?
-117
In base 15, what is -4 - -da8?
da4
In base 3, what is 222101 + -112?
221212
In base 15, what is -280 + 4?
-27b
In base 9, what is 4 - 5?
-1
In base 7, what is -25 + 251?
223
In base 13, what is a3a - 3?
a37
In base 7, what is -32340 + -2?
-32342
In base 3, what is 1002201 - -1?
1002202
In base 15, what is 1 - 6de?
-6dd
In base 7, what is -4 + 3643?
3636
In base 5, what is 4041 - 2?
4034
In base 3, what is -20122 + -201?
-21100
In base 16, what is -b + -1cc?
-1d7
In base 12, what is -1979 - 2?
-197b
In base 3, what is -10 - 20212120?
-20212200
In base 12, what is -5 - -68?
63
In base 6, what is 12 - -1554?
2010
In base 9, what is 5 - 468?
-463
In base 5, what is 114 - 1032?
-413
In base 9, what is 12472 - 4?
12467
In base 11, what is -3 + -141a?
-1422
In base 10, what is -3 + 2168?
2165
In base 3, what is 2201 + -11?
2120
In base 15, what is -1 + -2c?
-2d
In base 7, what is 541 + -3?
535
In base 6, what is 11 - -5421?
5432
In base 3, what is -12022 - 2?
-12101
In base 15, what is -46 - 5?
-4b
In base 9, what is 2 - 124?
-122
In base 14, what is 10 + -63?
-53
In base 11, what is -2 - 2?
-4
In base 10, what is 568 - 4?
564
In base 5, what is 10 - -1204?
1214
In base 11, what is -2 - -4?
2
In base 2, what is 1 - -101001?
101010
In base 5, what is -32 - -2422?
2340
In base 3, what is 10022 - 10?
10012
In base 8, what is 4 + 2433?
2437
In base 9, what is -3 - 718?
-722
In base 3, what is -2 + -202?
-211
In base 6, what is -345 - 3?
-352
In base 14, what is 1184 - 2?
1182
In base 13, what is -1b + -16?
-34
In base 5, what is -3 - -40?
32
In base 2, what is -1 + -1111111?
-10000000
In base 8, what is 6 + 660?
666
In base 14, what is 16da - 0?
16da
In base 3, what is 20002 + -2?
20000
In base 15, what is -1 + -9be?
-9c0
In base 3, what is 122120 - -11?
122201
In base 2, what is -1001 + 10111100011?
10111011010
In base 12, what is -24 + 9b?
77
In base 6, what is 134 - -205?
343
In base 10, what is -222 + 47?
-175
In base 7, what is -420 + 3?
-414
In base 3, what is 0 + 212?
212
In base 9, what is -22 - -28?
6
In base 13, what is 4ac + 2?
4b1
In base 3, what is -120 + 21002?
20112
In base 14, what is 4 - 31a?
-316
In base 7, what is -1451 - -2?
-1446
In base 9, what is -1 + 3625?
3624
In base 13, what is 5ab - -3?
5b1
In base 13, what is 15c - -2?
161
In base 12, what is 21 + a1?
102
In base 11, what is -15 + -618?
-632
In base 12, what is 7 - 54?
-49
In base 4, what is 12 - -130?
202
In base 2, what is -10 + 100100?
100010
In base 16, what is -6b + 2?
-69
In base 3, what is -212 - 111?
-1100
In base 12, what is b7 - -1?
b8
In base 13, what is 6 + -26?
-20
In base 10, what is 222 - 3?
219
In base 2, what is -10 + -10100000?
-10100010
In base 11, what is -50 + -4a?
-9a
In base 16, what is 3 + f?
12
In base 5, what is 10 + -201?
-141
In base 16, what is aa - 4?
a6
In base 12, what is 8a + 3a?
108
In base 11, what is -4 - -82?
79
In base 16, what is -137 + 3?
-134
In base 6, what is -54 + 23?
-31
In base 11, what is 2 + -7a?
-78
In base 10, what is -3 + -108?
-111
In base 10, what is -396 + -2?
-398
In base 2, what is -1101 - 1011?
-11000
In base 6, what is 100 - -2?
102
In base 8, what is -36435 - -5?
-36430
In base 5, what is 10 + 302?
312
In base 8, what is -14463 + -5?
-14470
In base 15, what is e + 7c?
8b
In base 7, what is -20 - 1263?
-1313
In base 10, what is 4 + 45?
49
In base 10, what is -3 - -44?
41
In base 16, what is -4 + 3b7?
3b3
In base 6, what is 4 + -201?
-153
In base 14, what is -5 + 47a?
475
In base 13, what is 5 - 18?
-13
In base 5, what is 2 + 112?
114
In base 9, what is 2 + 262?
264
In base 4, what is 203 - -133?
1002
In base 3, what is 100 - -21?
121
In base 10, what is 2 - -32?
34
In base 15, what is -2 - -d?
b
In base 13, what is 1 - -27?
28
In base 7, what is -304 - 3?
-310
In base 3, what is -11 - -11220?
11202
In base 11, what is -189 - 82?
-260
In base 5, what is -440 + -3?
-443
In base 13, what is 3 - 543?
-540
In base 11, what is -8 - -138?
130
In base 16, what is 5 + -2e8?
-2e3
In base 9, what is -7138 - 5?
-7144
In base 6, what is 5 - -100?
105
In base 4, what is -1022132 - 2?
-1022200
In base 5, what is -1 + 13?
12
In base 12, what is -22 - 18?
-3a
In base 15, what is 26 + -39e?
-378
In base 13, what is 69 - 189?
-120
In base 11, what is 4a2 + 6?
4a8
In base 15, what is 3 - -4b9?
4bc
In base 12, what is 4 + 46?
4a
In base 2, what is 11 - -100100111110?
100101000001
In base 14, what is -18 - 7?
-21
In base 8, what is -1006 - 10?
-1016
In base 7, what is 643 + -52?
561
In base 8, what is -2 - 441?
-443
In base 11, what is 5 + 43?
48
In base 10, what is -54 - -10?
-44
In base 2, what is 1010100000001 - 0?
1010100000001
In base 10, what is -3 - -738?
735
In base 5, what is -10 - 44424?
-44434
In base 13, what is -4 - -98?
94
In base 16, what is 140 - -12?
152
In base 11, what is -6aa - -8?
-6a2
In base 15, what is b2 - 1?
b1
In base 14, what is -2 - 171?
-173
In base 7, what is -12232 - -1?
-12231
In base 10, what is 13 + 206?
219
In base 7, what is -4 + 563?
556
In base 9, what is 1 - -121?
122
In base 11, what is -2762 + 2?
-2760
In base 13, what is -3 + -29?
-2c
In base 7, what is -225 + -10?
-235
In base 13, what is 475 - -1?
476
In base 8, what is 4 + -2270?
-2264
In base 15, what is -45 - 9?
-4e
In base 14, what is 128 + 0?
128
In base 4, what is -302 + 3?
-233
In base 14, what is -1 - 99?
-9a
In base 6, what is 152 - 153?
-1
In base 3, what is 100